sands digit of 1743657028?
7
What is the hundred millions digit of 3975741099?
9
What is the billions digit of 1367265505?
1
What is the ten millions digit of 45667639?
4
What is the hundred millions digit of 119758196?
1
What is the ten thousands digit of 12822302?
2
What is the hundred millions digit of 7265067281?
2
What is the hundred thousands digit of 112650056?
6
What is the ten millions digit of 210764548?
1
What is the units digit of 260160239?
9
What is the hundred millions digit of 117655295?
1
What is the thousands digit of 6726262109?
2
What is the ten thousands digit of 8713801?
1
What is the ten thousands digit of 16842055?
4
What is the hundred millions digit of 153859100?
1
What is the ten thousands digit of 46028687?
2
What is the hundred thousands digit of 3035596626?
5
What is the tens digit of 55493248?
4
What is the hundred thousands digit of 3671947671?
9
What is the units digit of 11849908?
8
What is the hundred thousands digit of 827846420?
8
What is the thousands digit of 37320141?
0
What is the hundred thousands digit of 905235317?
2
What is the hundred millions digit of 349979309?
3
What is the thousands digit of 85624434?
4
What is the tens digit of 4925750?
5
What is the tens digit of 2648522189?
8
What is the ten thousands digit of 6137503033?
0
What is the billions digit of 1237973014?
1
What is the tens digit of 1009622143?
4
What is the tens digit of 319335687?
8
What is the ten thousands digit of 5373823149?
2
What is the millions digit of 174235568?
4
What is the tens digit of 1538270973?
7
What is the hundred millions digit of 101040131?
1
What is the billions digit of 1626745533?
1
What is the thousands digit of 19453233?
3
What is the tens digit of 835063401?
0
What is the millions digit of 47237800?
7
What is the tens digit of 390498602?
0
What is the ten millions digit of 46440279?
4
What is the tens digit of 1613607179?
7
What is the units digit of 203978827?
7
What is the ten thousands digit of 14504196?
0
What is the hundreds digit of 501033480?
4
What is the ten millions digit of 21074003?
2
What is the thousands digit of 219158689?
8
What is the hundreds digit of 258981985?
9
What is the ten millions digit of 599623324?
9
What is the millions digit of 202226503?
2
What is the tens digit of 636949026?
2
What is the hundred millions digit of 3377460065?
3
What is the hundred thousands digit of 3809463546?
4
What is the thousands digit of 2935000946?
0
What is the ten millions digit of 79203804?
7
What is the tens digit of 6623870671?
7
What is the thousands digit of 44545696?
5
What is the thousands digit of 37877502?
7
What is the tens digit of 40201374?
7
What is the millions digit of 1819648443?
9
What is the thousands digit of 23630819?
0
What is the hundred millions digit of 707895134?
7
What is the billions digit of 2520555021?
2
What is the millions digit of 68541607?
8
What is the thousands digit of 102066708?
6
What is the units digit of 2863213147?
7
What is the thousands digit of 80014809?
4
What is the hundred millions digit of 1099618015?
0
What is the ten millions digit of 362004272?
6
What is the hundred thousands digit of 4407081032?
0
What is the hundreds digit of 42291937?
9
What is the hundreds digit of 52437698?
6
What is the units digit of 1527381392?
2
What is the hundreds digit of 52251946?
9
What is the hundreds digit of 2355273033?
0
What is the hundred millions digit of 271527892?
2
What is the hundred millions digit of 329123791?
3
What is the hundred millions digit of 253853758?
2
What is the thousands digit of 121616170?
6
What is the thousands digit of 32875030?
5
What is the ten thousands digit of 2811093328?
9
What is the hundred thousands digit of 494563723?
5
What is the thousands digit of 62983573?
3
What is the units digit of 291068944?
4
What is the millions digit of 213631606?
3
What is the hundreds digit of 3123986?
9
What is the hundred millions digit of 150799097?
1
What is the units digit of 2824823287?
7
What is the tens digit of 383246451?
5
What is the billions digit of 6290177280?
6
What is the thousands digit of 455204295?
4
What is the hundred millions digit of 100686966?
1
What is the thousands digit of 222792333?
2
What is the ten millions digit of 151719980?
5
What is the hundred thousands digit of 37741731?
7
What is the thousands digit of 5052026277?
6
What is the hundred millions digit of 386099709?
3
What is the hundred millions digit of 299014353?
2
What is the units digit of 1177269999?
9
What is the ten thousands digit of 92102718?
0
What is the hundreds digit of 26140780?
7
What is the hundred millions digit of 2602963735?
6
What is the hundred thousands digit of 296605074?
6
What is the ten millions digit of 178325051?
7
What is the ten millions digit of 2250682489?
5
What is the hundreds digit of 322285829?
8
What is the ten millions digit of 49805547?
4
What is the tens digit of 345986441?
4
What is the hundreds digit of 907275610?
6
What is the ten millions digit of 172170059?
7
What is the millions digit of 140367744?
0
What is the hundred thousands digit of 99976948?
9
What is the ten thousands digit of 699579724?
7
What is the hundreds digit of 2235771517?
5
What is the hundred millions digit of 4461422205?
4
What is the tens digit of 210848673?
7
What is the hundred thousands digit of 262387120?
3
What is the hundred thousands digit of 13115364?
1
What is the ten thousands digit of 26619514?
1
What is the millions digit of 930502029?
0
What is the millions digit of 16631986?
6
What is the millions digit of 3989226341?
9
What is the hundred millions digit of 3791809990?
7
What is the hundred thousands digit of 13125407?
1
What is the millions digit of 885963946?
5
What is the units digit of 51318209?
9
What is the units digit of 76708266?
6
What is the units digit of 2091317?
7
What is the units digit of 21995105?
5
What is the thousands digit of 97122340?
2
What is the hundred thousands digit of 118088679?
0
What is the thousands digit of 25245682?
5
What is the units digit of 51941571?
1
What is the hundred thousands digit of 121015788?
0
What is the hundreds digit of 284227427?
4
What is the ten millions digit of 67629889?
6
What is the units digit of 3198846519?
9
What is the hundreds digit of 2906167581?
5
What is the thousands digit of 101649164?
9
What is the thousands digit of 11418887?
8
What is the tens digit of 2597307679?
7
What is the thousands digit of 1602860259?
0
What is the thousands digit of 1490485030?
5
What is the millions digit of 7834584203?
4
What is the hundreds digit of 41482326?
3
What is the ten thousands digit of 702670378?
7
What is the hundred thousands digit of 754564473?
5
What is the thousands digit of 69365790?
5
What is the thousands digit of 3372931973?
1
What is the thousands digit of 3117020296?
0
What is the hundred thousands digit of 322745782?
7
What is the thousands digit of 439879821?
9
What is the units digit of 49934896?
6
What is the units digit of 464381097?
7
What is the ten millions digit of 480309171?
8
What is the ten millions digit of 569626793?
6
What is the tens digit of 1089958562?
6
What is the hundred millions digit of 5912748551?
9
What is the hundreds digit of 181042187?
1
What is the hundred thousands digit of 116215381?
2
What is the hundred thousands digit of 751165358?
1
What is the hundreds digit of 723445711?
7
What is the ten thousands digit of 87754345?
5
What is the tens digit of 299749879?
7
What is the thousands digit of 1762147896?
7
What is the hundreds digit of 481052268?
2
What is the millions digit of 33080660?
3
What is the hundreds digit of 18590995?
9
What is the billions digit of 1857659494?
1
What is the hundreds digit of 1174656352?
3
What is the tens digit of 3128792767?
6
What is the units digit of 55417712?
2
What is the ten thousands digit of 43515312?
1
What is the ten millions digit of 490905294?
9
What is the thousands digit of 233940432?
0
What is the billions digit of 1994411507?
1
What is the ten millions digit of 3058951586?
5
What is the units digit of 28284395?
5
What is the ten thousands digit of 2962078696?
7
What is the tens digit of 44967481?
8
What is the thousands digit of 41634380?
4
What is the thousands digit of 27055025?
5
Wha